85337013?
3, 5171, 5501
List the prime factors of 1031870806.
2, 47, 89, 123341
List the prime factors of 128592913.
17, 919, 8231
What are the prime factors of 47570153?
3271, 14543
List the prime factors of 76140468.
2, 3, 2115013
List the prime factors of 106809809.
1061, 100669
What are the prime factors of 727954092?
2, 3, 20220947
List the prime factors of 492817749.
3, 859, 191237
List the prime factors of 298994961.
3, 99664987
What are the prime factors of 69507775?
5, 97, 28663
What are the prime factors of 1179367660?
2, 5, 53, 1112611
What are the prime factors of 9782921?
2543, 3847
List the prime factors of 714501168.
2, 3, 14885441
List the prime factors of 1083700101.
3, 11, 29, 1132393
List the prime factors of 163367273.
163367273
List the prime factors of 69508863.
3, 7723207
What are the prime factors of 27376987?
11, 17, 281, 521
What are the prime factors of 71950170?
2, 3, 5, 2398339
List the prime factors of 594864100.
2, 5, 5948641
List the prime factors of 6541089147.
3, 347, 409, 569
What are the prime factors of 6369166604?
2, 1592291651
What are the prime factors of 2320207496?
2, 19, 15264523
List the prime factors of 69518851.
69518851
List the prime factors of 76049719.
241, 315559
What are the prime factors of 127916839?
9839, 13001
List the prime factors of 66448859.
113, 588043
List the prime factors of 195388850.
2, 5, 3907777
List the prime factors of 13064690.
2, 5, 23, 43, 1321
List the prime factors of 169532940.
2, 3, 5, 107, 26407
List the prime factors of 4023422681.
643, 6257267
What are the prime factors of 50950581?
3, 11, 17, 90821
What are the prime factors of 2734331238?
2, 3, 17, 67, 197, 677
List the prime factors of 472626.
2, 3, 7, 11, 31
List the prime factors of 542350053.
3, 7, 31, 92567
List the prime factors of 128035729.
10211, 12539
List the prime factors of 540315208.
2, 67539401
List the prime factors of 4082249.
4082249
List the prime factors of 35798774.
2, 11, 19, 85643
List the prime factors of 131723636.
2, 11, 59, 50741
List the prime factors of 2011448362.
2, 7, 11, 163, 227, 353
List the prime factors of 82164475.
5, 3286579
List the prime factors of 304473458.
2, 137, 617, 1801
List the prime factors of 439962351.
3, 59, 2485663
List the prime factors of 238159601.
11779, 20219
List the prime factors of 26481204.
2, 3, 673, 1093
What are the prime factors of 1521400351?
53, 28705667
What are the prime factors of 744601071?
3, 17, 29, 241, 2089
What are the prime factors of 6928292936?
2, 47, 18426311
List the prime factors of 60624415.
5, 71, 170773
List the prime factors of 629492749.
277, 2272537
What are the prime factors of 3992884437?
3, 1330961479
List the prime factors of 7340999.
1171, 6269
What are the prime factors of 322250433?
3, 197, 269, 2027
List the prime factors of 156940967.
156940967
List the prime factors of 8284114.
2, 19, 218003
List the prime factors of 11505883.
11505883
What are the prime factors of 514056681?
3, 229, 249421
What are the prime factors of 98442317?
98442317
List the prime factors of 1102165745.
5, 47, 67, 70001
What are the prime factors of 928361064?
2, 3, 3697, 10463
List the prime factors of 886136236.
2, 37, 467, 12821
What are the prime factors of 1592383153?
5569, 285937
What are the prime factors of 1006351774?
2, 1249, 402863
What are the prime factors of 28525092?
2, 3, 701, 3391
What are the prime factors of 1974338659?
19, 103912561
What are the prime factors of 1059191195?
5, 19, 11149381
List the prime factors of 33631276.
2, 7, 1201117
List the prime factors of 1202683658.
2, 11, 47, 1163137
List the prime factors of 91338779.
7, 439, 29723
List the prime factors of 1147957198.
2, 17, 347, 97301
What are the prime factors of 929521960?
2, 5, 23238049
What are the prime factors of 980691690?
2, 3, 5, 11, 270163
What are the prime factors of 3359799953?
27809, 120817
What are the prime factors of 138134278?
2, 337, 204947
What are the prime factors of 7086461?
23, 308107
List the prime factors of 1039375135.
5, 179, 1161313
List the prime factors of 160201111.
7, 22885873
List the prime factors of 275466975.
3, 5, 7, 23, 3259
What are the prime factors of 722016310?
2, 5, 157, 459883
What are the prime factors of 23855461?
7, 31, 47, 2339
List the prime factors of 45312315.
3, 5, 569, 5309
What are the prime factors of 485772860?
2, 5, 523, 46441
What are the prime factors of 200117766?
2, 3, 19, 1091, 1609
What are the prime factors of 2164280251?
7, 17, 457, 2341
List the prime factors of 251624223.
3, 27958247
What are the prime factors of 272084970?
2, 3, 5, 1489, 6091
What are the prime factors of 570717943?
570717943
What are the prime factors of 62374540?
2, 5, 3118727
What are the prime factors of 16836994?
2, 29, 43, 157
What are the prime factors of 22930207?
19, 107, 11279
List the prime factors of 5301218161.
89, 109, 546461
What are the prime factors of 294362942?
2, 61, 2412811
List the prime factors of 5136905716.
2, 31, 41426659
List the prime factors of 47227475.
5, 1889099
What are the prime factors of 1303437041?
47, 27732703
List the prime factors of 254341303.
199, 1278097
What are the prime factors of 503722325?
5, 17, 337, 3517
What are the prime factors of 1057851642?
2, 3, 1481, 119047
List the prime factors of 95507020.
2, 5, 7, 17, 40129
List the prime factors of 352786437.
3, 83, 193, 2447
What are the prime factors of 1063249519?
19, 43, 229, 5683
What are the prime factors of 273125171?
11, 19, 1306819
What are the prime factors of 49971776?
2, 780809
List the prime factors of 91657379.
11, 47, 71, 227
List the prime factors of 117795719.
23, 5121553
List the prime factors of 942449314.
2, 71, 1697, 3911
What are the prime factors of 1525349417?
2903, 525439
What are the prime factors of 4683836695?
5, 263, 3561853
List the prime factors of 4851520989.
3, 7, 239, 966631
List the prime factors of 1134626926.
2, 251, 821, 2753
What are the prime factors of 4979713841?
4979713841
List the prime factors of 69500615.
5, 37, 197, 1907
What are the prime factors of 505172583?
3, 3947, 14221
What are the prime factors of 1272749539?
401, 1259, 2521
List the prime factors of 40090576.
2, 71, 35291
List the prime factors of 153624106.
2, 47, 857, 1907
What are the prime factors of 1513915426?
2, 53, 14282221
What are the prime factors of 2065083268?
2, 516270817
List the prime factors of 145760976.
2, 3, 1012229
What are the prime factors of 75391146?
2, 3, 997, 4201
What are the prime factors of 25152998?
2, 13, 19, 59, 863
What are the prime factors of 83229463?
149, 558587
List the prime factors of 50536943.
6607, 7649
List the prime factors of 50663575.
5, 761, 2663
List the prime factors of 64446892.
2, 31, 519733
List the prime factors of 45407823.
3, 29, 521929
What are the prime factors of 338568001?
113, 449, 6673
List the prime factors of 2929872014.
2, 233, 401, 15679
List the prime factors of 185918112.
2, 3, 215183
List the prime factors of 769946585.
5, 41, 3755837
List the prime factors of 800694543.
3, 11, 17, 367, 3889
List the prime factors of 118731997.
118731997
List the prime factors of 650649767.
79, 8236073
What are the prime factors of 153718819?
1303, 117973
List the prime factors of 60374203.
2687, 22469
What are the prime factors of 20926330?
2, 5, 787, 2659
List the prime factors of 541737145.
5, 167, 643, 1009
What are the prime factors of 4251233839?
4251233839
List the prime factors of 73520086.
2, 79, 465317
List the prime factors of 96381248.
2, 163, 9239
What are the prime factors of 1789456386?
2, 3, 653, 456727
What are the prime factors of 265990318?
2, 11, 3251, 3719
List the prime factors of 1781657116.
2, 53, 131, 64153
What are the prime factors of 901619445?
3, 5, 19, 3163577
List the prime factors of 138910905.
3, 5, 7, 440987
List the prime factors of 92214502.
2, 89, 518059
What are the prime factors of 5446194691?
7, 1489, 522517
What are the prime factors of 1079787408?
2, 3, 7, 223, 14411
What are the prime factors of 1612016387?
23, 47, 1491227
What are the prime factors of 1974164434?
2, 11, 853, 105199
What are the prime factors of 1649250?
2, 3, 5, 733
List the prime factors of 3293927915.
5, 613, 1074691
What are the prime factors of 1761875037?